. Let x = 39 - 76. Let a = l + x. List the prime factors of a.
2, 3
Suppose 3*w - 4 = 5*p + 7, -3*p - 13 = -5*w. What are the prime factors of (-492)/(-18) + p/3?
3
Suppose 371 - 61 = 5*b. What are the prime factors of b?
2, 31
Suppose 275 = 2*w + 3*w. List the prime factors of w.
5, 11
Suppose -2 = -v + t, 2 = 3*v - 4*t - 3. Suppose 0 = -3*x + 7*x - 28. Suppose -v*w = -x*w + 44. List the prime factors of w.
11
Suppose 2*s + 4 = 8, 0 = -4*c - 4*s + 24. Let r = 13 - c. What are the prime factors of r?
3
Let i = 146 - 91. Suppose 0 = n + 4*n - i. What are the prime factors of n?
11
Suppose 2*a - 305 = -3*a. List the prime factors of a.
61
Let o(r) = r**3 - 6*r**2 - 10*r - 6. Let m be o(8). Suppose -3*t - n + 44 = -m, t - 2*n = 38. List the prime factors of t.
2, 3, 5
Let p(v) = -6*v - 3. List the prime factors of p(-4).
3, 7
Let j = 16 - -40. What are the prime factors of j?
2, 7
Let s = 62 - 26. What are the prime factors of s?
2, 3
Let d(n) = -n**3 + 10*n**2 + 11*n - 3. Let h be d(11). Let x = 7 - h. List the prime factors of x.
2, 5
Let f(p) = -2*p + 10. Let b be f(6). List the prime factors of (-2)/((-12)/(-153))*b.
3, 17
What are the prime factors of (4/6)/(10/285)?
19
What are the prime factors of (40/1 - 4) + 2?
2, 19
Suppose 0 = -3*v + 2*v + 378. List the prime factors of v.
2, 3, 7
Let w(h) = -2 - 3 + h - 1 + 5. List the prime factors of w(6).
5
What are the prime factors of ((-130)/15)/(4/(-42))?
7, 13
Suppose -i - 11 = -3*l, 5 = -5*i - l + 6*l. Suppose 4*h = -0 + i. List the prime factors of 10 + -1 + (1 - h).
3
Suppose 0 = 2*t - 0*h - h - 32, -5*h = 0. List the prime factors of t.
2
Let k(s) = -s + 4. What are the prime factors of k(2)?
2
Let n = 37 - 25. Let d be n*1*(-2)/(-4). What are the prime factors of 2/(2 - d/4)?
2
Let b = -29 + 44. Suppose -v + 20 = b. What are the prime factors of v?
5
Suppose 3*v + 11 = -0*b + 2*b, -16 = 2*v + 3*b. Let d = -2 - v. List the prime factors of d/6 + 25/2.
13
Suppose -4*p = -2*p - 4. Suppose -v + 32 = y + p*y, -5*v - 2*y + 147 = 0. List the prime factors of v.
29
Suppose 2*b = -0*b + 4*h + 406, h + 619 = 3*b. List the prime factors of b.
3, 23
Let k(x) = 3*x**2 + 9*x - 6. Let a(u) = 2*u**2 + 8*u - 5. Let n(o) = 4*a(o) - 3*k(o). Let f be n(2). Suppose v = -f*v + 25. List the prime factors of v.
5
Let x = 43 + -15. What are the prime factors of x?
2, 7
Let s = 298 - 211. List the prime factors of s.
3, 29
Suppose -2*b - 1 + 7 = 0. List the prime factors of b.
3
Suppose -2 = -m - 0. Let l(b) = -20*b + 1. Let h be l(-1). Suppose a + m*a - h = 0. List the prime factors of a.
7
Let w(l) = -l + 22. What are the prime factors of w(9)?
13
Suppose -21 + 1 = -4*w. Suppose 5*s - 45 = w. Let g(u) = u + 4. List the prime factors of g(s).
2, 7
Let n(k) = -7*k - 2. List the prime factors of n(-1).
5
Suppose -4*g + 9*g - 130 = 0. What are the prime factors of g?
2, 13
Suppose 5*z - 87 - 83 = 0. What are the prime factors of z?
2, 17
Let i(v) = v**3 + v**2 + 77. List the prime factors of i(0).
7, 11
Suppose -2*o - 2*o - 16 = 0. Let u be -7 + o + 3 + -1. Let i = u + 16. What are the prime factors of i?
7
Let l be (32/(-6) - -2)*-6. Let w = l - 11. What are the prime factors of w?
3
Let d = 172 + -120. Let g = 3 - -1. Suppose -5*r = -3*o - d, -g*r - 2*o = -5*o - 44. List the prime factors of r.
2
Let r = 54 - 36. Let m = 31 - r. What are the prime factors of 2 + m + (-6)/(-2)?
2, 3
Let s = 11 + -8. Suppose w - 4*g = -1, -11 = -s*w + g - 3. What are the prime factors of w?
3
Let d be (-2)/5 - (-13)/(-5). What are the prime factors of d*21/(-18)*4?
2, 7
Suppose 0 = r - 5*r. Let b = -2 - r. What are the prime factors of b*11*2/(-4)?
11
Suppose -2*z = -5*v + 111, -3*z - 105 = -5*v + 2*z. List the prime factors of v.
23
Suppose -2*j + 0*j = -46. Suppose -j = -5*g + 2. Suppose 32 - 88 = -4*q - 2*y, q = -5*y + g. What are the prime factors of q?
3, 5
Let c(u) = 4*u**2 + 2*u + 7. List the prime factors of c(-10).
3, 43
Let u(v) be the second derivative of v**4/12 - v**3 - v**2/2 - 2*v. Let a be u(5). List the prime factors of -5 - -3 - 1*a.
2
Let r be 1 + 1 - (-3 + 1). Suppose -2*f + 18 = r. What are the prime factors of f?
7
Suppose 7*k = 2*k + 5. Let t be k/(-1*(-1)/(-5)). Let z = 21 + t. What are the prime factors of z?
2
Let y be 1 - -2*51/6. List the prime factors of (y/12)/(6/32).
2
Let r(m) = -m**3 + 7*m**2 - 3*m + 7. What are the prime factors of r(6)?
5
Suppose -1 = -3*r + g + g, -2*r - 5*g = -7. Let f = 2 + r. Suppose f*h + 14 = 5*h. What are the prime factors of h?
7
Suppose -2*r - r + 57 = 0. Suppose r = -5*u - 21. Let g = u + 13. What are the prime factors of g?
5
Suppose y - 3*l = 149, l + l = 3*y - 426. What are the prime factors of y?
2, 5, 7
Suppose -3*u - i = -0*u - 8, 4*i + 13 = 3*u. Suppose -7 = -4*h + d + 3, u*d = h + 3. What are the prime factors of 6/h + (14 - 1)?
3, 5
Suppose -41 = -7*t + 92. List the prime factors of t.
19
Let l be 1/(-2 + 3) - -67. Let b = 101 - l. Suppose 7*p - 4*p - b = 0. What are the prime factors of p?
11
Suppose -p - 90 = -6*p. What are the prime factors of p?
2, 3
Let s(z) = z + 24. Let c be s(0). Suppose -q = -c + 10. List the prime factors of q.
2, 7
Let d = -4 + 6. Suppose -3*w = -v + 12, -2*v - d = 5*w - 26. What are the prime factors of v?
2, 3
Suppose -5*r + 18 = s, 6*r + 2*s - 18 = 2*r. Suppose 3*c + c = -r*o + 15, o - 27 = -5*c. List the prime factors of c.
2, 3
Let d(r) = r - 7. Let n be d(9). Suppose n*h = -4 + 12. What are the prime factors of h?
2
Let t = 8 + 34. What are the prime factors of t?
2, 3, 7
Let m be ((-28)/21)/(1/21). Let f = m - -80. List the prime factors of f.
2, 13
Let n(g) = g**2 - 2*g + 2. Let q be n(3). Suppose 3*w = 1 + q. What are the prime factors of w?
2
Suppose 2*t + 3 = -5*n - 4, -5*t = -4*n - 65. Let z(g) = -3*g**3 - g**2. Let j be z(1). Let v = t + j. What are the prime factors of v?
5
List the prime factors of (-3 - 7/(-3)) + (-366)/(-9).
2, 5
List the prime factors of (-14)/(-21) - (-112)/3.
2, 19
Suppose -4*y = 2*v - 206, 2*v - 2*y = 203 + 27. What are the prime factors of v?
3, 37
Suppose -b = 3*c + b + 23, -4*c = -3*b + 8. Let f(z) = -z**3 + 7*z**2 - 4*z - 6. Let v be f(6). What are the prime factors of (v/c)/(6/(-20))?
2
Let m(z) = z - 2*z**2 - 13*z**2 + 2*z. Let t be m(2). What are the prime factors of (t/24)/(6/(-16))?
2, 3
Suppose -5*v + 302 = -343. List the prime factors of v.
3, 43
Let n(z) be the first derivative of -z**4/4 - 8*z**3/3 - 4*z**2 + 2*z - 2. List the prime factors of n(-7).
3
Suppose 0 = 3*a + 3, g - a - 5 = -6*a. Let u be g/45 - 104/(-18). Let p(d) = d**2 - 4*d + 2. What are the prime factors of p(u)?
2, 7
What are the prime factors of -1 - (1836/(-17) + 3*1)?
2, 13
Suppose 4 = -4*y + 52. What are the prime factors of y?
2, 3
Let m = 21 + 72. Let g = -71 - -108. Suppose -d - 10 = 4*i - g, -i - m = -5*d. What are the prime factors of d?
19
Let b(r) = 2*r**2 - 5*r - 1. Suppose 0*g - 2 = 2*g - 2*v, 5*v = -4*g + 41. List the prime factors of b(g).
11
Suppose -5*q = -2*q - 18. What are the prime factors of q?
2, 3
Suppose 3*g + 26 = 101. List the prime factors of g.
5
Let h be (-3)/(-9)*(0 + 9). Suppose h*d - 2 = 4. List the prime factors of d.
2
Suppose -2*v + 233 = -211. List the prime factors of v.
2, 3, 37
Let r(b) = -b**2 - 4*b - 3. Let h be r(-2). Let g = h + 1. Suppose -g*l = -6*l + 32. What are the prime factors of l?
2
Let l = -45 - -111. What are the prime factors of l?
2, 3, 11
List the prime factors of (1 - -250)/((-16)/(-16)).
251
Suppose -f + 61 = -0*f. Suppose 5*t - f = -1. What are the prime factors of t?
2, 3
Let r be (-26)/(-39) + 62/(-3). What are the prime factors of (-990)/r - 1/(-2)?
2, 5
List the prime factors of -2 + 0/(-4) + 60.
2, 29
Let l(u) = -16*u. Let b be 2 + -6*(-3)/(-6). What are the prime factors of l(b)?
2
Suppose -4*u + 15 = -u. Suppose 2*q + 10 = 2, -u*h = 3*q + 2. What are the prime factors of h?
2
Let v(z) = 85*z**3 - 2*z**2 + 3*z - 2. What are the prime factors of v(1)?
2, 3, 7
Suppose -4*k + 18 = k - w, 5*k - 26 = -3*w. Suppose -k*m = -4*f + 160, 4*f + 4*m = -0*f + 176. List the prime factors of f.
2, 3, 7
Let r(o) = -5*o**2 - 2*o + 3. Let v be r(3). List the prime factors of (-824)/v + 2/(-12).
17
Let u(c) = 24*c + 1. Let i be u(1). List the prime factors of (-1)/2*(